In base 13, what is a - 71a1894?
-71a1887
In base 2, what is 1111101010 - -11011100100101010?
11011110100010100
In base 15, what is -393170 - -5?
-39316a
In base 7, what is -113353 - -221?
-113132
In base 5, what is -11242 + -4144011?
-4210303
In base 5, what is -311 + 11032130?
11031314
In base 10, what is 5 - 32943102?
-32943097
In base 6, what is -410 - -3431003?
3430153
In base 4, what is 3002 - -122102332013?
122103001021
In base 3, what is 20101 - 112122222010220?
-112122221220112
In base 16, what is -11c2 + -1497?
-2659
In base 5, what is -4324 - -1202321?
1142442
In base 9, what is 0 + 14342712?
14342712
In base 5, what is 41 + 21010103?
21010144
In base 12, what is 189 + -85a4?
-8417
In base 14, what is -8 + 101595?
10158b
In base 3, what is -10222 + 10012121100?
10012110101
In base 15, what is -213c2a + -40?
-213c6a
In base 8, what is 100416033 + -5?
100416026
In base 8, what is -12077 - 2424?
-14523
In base 8, what is 2513 - -117147?
121662
In base 13, what is -a615b5 + 1?
-a615b4
In base 11, what is -16968955 + 0?
-16968955
In base 10, what is 3 + 4528300?
4528303
In base 13, what is -bc9745 - 3?
-bc9748
In base 14, what is -9462 - -8b7b?
-6c5
In base 12, what is -1428b82 - 14?
-1428b96
In base 5, what is 34441234 + 44?
34441333
In base 7, what is 24036 - 13562?
10144
In base 15, what is -2b3edd8 - 2?
-2b3edda
In base 9, what is -5 - -622352?
622346
In base 5, what is -103321341301 + -4?
-103321341310
In base 10, what is 229149 - -31?
229180
In base 5, what is 104 + 1234020033?
1234020142
In base 4, what is 2101302313 - -1123?
2101310102
In base 16, what is a816f2 + 3?
a816f5
In base 9, what is -2406247 - -136?
-2406111
In base 12, what is -6 - 33a37b3?
-33a37b9
In base 12, what is -258b419 + 19?
-258b400
In base 15, what is -1 + 4805366?
4805365
In base 10, what is 5798 - 4227?
1571
In base 10, what is 10626158 + 22?
10626180
In base 5, what is -122 - -12101203234?
12101203112
In base 12, what is 2542291 - 0?
2542291
In base 15, what is 114 - -1a01?
1b15
In base 10, what is -799804 + 270?
-799534
In base 4, what is 3133233002 + -23233?
3133203103
In base 10, what is 101621 + 2505?
104126
In base 2, what is -100000000101011101010101 - 1?
-100000000101011101010110
In base 8, what is 7150035 - 0?
7150035
In base 8, what is -4 + 44054702?
44054676
In base 3, what is -1 + 200120100210121?
200120100210120
In base 5, what is -2231310 - 4?
-2231314
In base 12, what is 5 + 78a516?
78a51b
In base 15, what is 928 + -3c47?
-331e
In base 16, what is 4 - 70c630?
-70c62c
In base 12, what is -208b0 + -55?
-20945
In base 9, what is 7 - -51748108?
51748116
In base 12, what is -a92b - -485?
-a466
In base 4, what is 3010 + -12321002011?
-12320333001
In base 6, what is -211 - -34544?
34333
In base 5, what is 22 + 122333321?
122333343
In base 14, what is 2d3da - -3d?
2d439
In base 13, what is -b97950 + 5?
-b97948
In base 7, what is 66 - -16411330?
16411426
In base 15, what is -4 + -95941b9?
-95941bd
In base 15, what is 0 + 2a5c2db?
2a5c2db
In base 5, what is -13123213302 - -3?
-13123213244
In base 16, what is f - 1204f0?
-1204e1
In base 2, what is -10 - -100100000001100110000110?
100100000001100110000100
In base 12, what is 82844 + -33b?
82505
In base 10, what is -493005 + -25?
-493030
In base 2, what is -101011101011 - 1011011111?
-110111001010
In base 8, what is -107 - 1013571?
-1013700
In base 5, what is 100204010 - 1030?
100202430
In base 16, what is fd - -157d9a?
157e97
In base 6, what is 1124003 - -55?
1124102
In base 6, what is 1023050251 + -1?
1023050250
In base 6, what is 33015325 + -33?
33015252
In base 13, what is -b3c198 + 2?
-b3c196
In base 6, what is -10150224134 + 2?
-10150224132
In base 14, what is 8cd1 + -2d15?
5dba
In base 16, what is -52dd3 - 5f?
-52e32
In base 9, what is 40716242 - 88?
40716143
In base 13, what is -68693 + -331?
-689c4
In base 15, what is -5ad + 9427?
8d69
In base 12, what is 630b669 + -12?
630b657
In base 9, what is -1861 - -603?
-1257
In base 13, what is 108b59 - 18?
108b41
In base 2, what is -1001001111010101 + 1100011?
-1001001101110010
In base 2, what is 10011111 + 1011010010011010011?
1011010010101110010
In base 11, what is -51383 - -810?
-50673
In base 15, what is 23a5ab + -b?
23a5a0
In base 11, what is 154 + -877866?
-877712
In base 13, what is -71c + -30394?
-30ab3
In base 11, what is -5a8 - 4590?
-5088
In base 4, what is 33102122103202 - -3?
33102122103211
In base 12, what is 45817a8 - 5?
45817a3
In base 7, what is -221613602 + -5?
-221613610
In base 11, what is 215 - -169697?
169901
In base 8, what is 1067571 - 4355?
1063214
In base 14, what is 7b528 + -5b?
7b4ab
In base 5, what is -11334113 + -23333?
-11413001
In base 2, what is 11000001111011101111001 - 101?
11000001111011101110100
In base 7, what is 10322 - -1346553?
1360205
In base 5, what is -114134 + -124043?
-243232
In base 6, what is -35035225 + -101?
-35035330
In base 5, what is 1 + -103332420440?
-103332420434
In base 4, what is 10 - 31330111113?
-31330111103
In base 11, what is 5 + -5650642?
-5650638
In base 4, what is -2 + -122230331320?
-122230331322
In base 13, what is -25840074 - -5?
-2584006c
In base 13, what is -1c4 + -331?
-525
In base 12, what is 1a96b927b - -1?
1a96b9280
In base 12, what is 3a222492 - 0?
3a222492
In base 8, what is -5 - 121624576?
-121624603
In base 2, what is -110010100001110 - 10010011011?
-110100110101001
In base 15, what is -2 + -4302336?
-4302338
In base 5, what is 1432 - -1424030?
1431012
In base 9, what is 5 + 33154320?
33154325
In base 2, what is -1010010000001 + -1001111100?
-1011011111101
In base 8, what is -106 + 10433055?
10432747
In base 5, what is -2130324041 - 1?
-2130324042
In base 8, what is -50 + -1440172?
-1440242
In base 7, what is 50135 + -1422?
45413
In base 6, what is 33443232223 - -2?
33443232225
In base 15, what is 1 + 1d4d4ae7?
1d4d4ae8
In base 7, what is 50305 + 153443?
234051
In base 16, what is 16699 - -3b?
166d4
In base 3, what is -1 + -20221102020021?
-20221102020022
In base 11, what is -3 - -9758602a?
97586027
In base 6, what is -35 - -1123443?
1123404
In base 4, what is -1113 + 220133002?
220131223
In base 16, what is 463 + 55a?
9bd
In base 15, what is -9851b02 + -4?
-9851b06
In base 16, what is -86c450 + 1?
-86c44f
In base 13, what is -534192 - 61?
-534223
In base 4, what is 2 - 221022313211?
-221022313203
In base 6, what is 50 + -1321343?
-1321253
In base 3, what is -10 - 1012101112111110?
-1012101112111120
In base 11, what is -3a525a2 + -7?
-3a525a9
In base 8, what is -6326547 + -121?
-6326670
In base 15, what is -3b6e49 + -a?
-3b6e54
In base 4, what is 120211 + 1111112?
1231323
In base 7, what is -1340402414 + 2?
-1340402412
In base 5, what is 12 - 33303143232?
-33303143220
In base 11, what is 174566 - -160?
174716
In base 3, what is 1201101011121 + -200?
1201101010221
In base 4, what is -1311103 + -22321?
-2000030
In base 8, what is 14 + -4036264?
-4036250
In base 5, what is 11213213 - 310?
11212403
In base 9, what is -84 - -112363?
112268
In base 3, what is 2120011 + 1201110202?
1211000220
In base 16, what is 9404dc + 5?
9404e1
In base 4, what is 30311212100202 - -1?
30311212100203
In base 11, what is -247302 + -18?
-24731a
In base 4, what is 121302111222 + 13?
121302111301
In base 11, what is -38695 - -169?
-38527
In base 15, what is 18ed135 + -3?
18ed132
In base 8, what is 5 + 155076134?
155076141
In base 14, what is 8ab - 2c5c7?
-2bb1a
In base 13, what is -3108847 + -3?
-310884a
In base 10, what is -2480699 + 0?
-2480699
In base 7, what is -43605325565 - -1?
-43605325564
In base 16, what is a + -67125?
-6711b
In base 4, what is -213 - 1301020003?
-1301020222
In base 10, what is -14726 - -9107?
-5619
In base 15, what is 1551d22 + 6?
1551d28
In base 13, what is -2226b + a72?
-214c9
In base 13, what is -2819c4 - 85?
-281a79
In base 2, what is -1010110 + -1111110111110001?
-1111111001000111
In base 8, what is -67007 + -4670?
-73677
In base 12, what is -11 - 15b66b26?
-15b66b37
In base 10, what is 6473999 + 10?
6474009
In base 7, what is 4510653415 + -5?
4510653410
In base 9, what is 15271 - -13321?
28602
In base 8, what is 2477 - 32144?
-27445
In base 13, what is -9 - -b6222b?
b62222
In base 14, what is -1197 - a74?
-1c2b
In base 7, what is -6 - 1121161012?
-1121161021
In base